y m.
2
Let p(z) = z**3 - 5*z**2 - 4*z + 4. Let o be (-214)/12 - (-2)/(-12). Calculate the remainder when (-18)/(-3)*(-138)/o is divided by p(6).
14
What is the remainder when (-4)/(-26) + 3696/143 is divided by 10?
6
Suppose r - 18 = 4*r. Suppose m = -2*k - m + 52, 57 = 2*k + 3*m. What is the remainder when k is divided by (11/(-2))/(3/r)?
10
What is the remainder when 25 is divided by (-4)/26 - 1488/(-208)?
4
Let z(i) = 4 - 3 - 2*i + 2. Let y(m) = -m - 1. Let w be y(4). What is the remainder when 24 is divided by z(w)?
11
Suppose 0 = -j - 1 + 11. What is the remainder when 28 is divided by j?
8
Let x(o) = 5*o**2 - 3*o + 5. Calculate the remainder when x(2) is divided by 8.
3
What is the remainder when 90 is divided by ((-46)/3)/((-2)/3)?
21
Suppose -b + 4*g = 4*b + 96, 3*g - 12 = 0. Let m = b - -22. What is the remainder when (1/2)/((-2)/(-44)) is divided by m?
5
Let u be ((-4)/(-12))/(3/(-9)). Let h = u + 5. Calculate the remainder when 13 is divided by h.
1
Suppose -l - 5 = 4. Let i be l/(-3) - 4 - -37. Suppose -2*b + 18 = -i. Calculate the remainder when b is divided by 14.
13
Let h = -10 + 6. What is the remainder when -2 + (1 - h) + 1 is divided by 2?
0
Let h(z) = 7*z - 35. Calculate the remainder when h(8) is divided by 4.
1
Let o = -6 - 10. Let y = -9 - o. Calculate the remainder when 25 is divided by y.
4
Suppose -1 = -d - 5. Let w(f) = f**3 + 6*f**2 + 7*f + 4. What is the remainder when 21 is divided by w(d)?
5
Let l(s) = -3*s - 8. Let m be l(-6). Suppose 2*g = -3*g + m. Let j = -7 + 11. What is the remainder when j is divided by g?
0
Let v = 8 - 13. Let h = v - -7. What is the remainder when (1 + -2)/(1/(-4)) is divided by h?
0
Suppose -3*q + 6 = -0*q. Suppose -t + 111 = b + 25, q*b = 3*t - 258. Calculate the remainder when t is divided by 22.
20
Let g(u) = 33*u - 7. What is the remainder when g(2) is divided by 15?
14
Suppose -2*x + 3 + 1 = 0, -t + 23 = 2*x. Calculate the remainder when t is divided by 5.
4
Suppose 2*f - 22 - 86 = 0. Suppose -s - 2*m - 42 = -3*s, 4*m = -2*s + f. Let n = 72 - s. What is the remainder when n is divided by 17?
15
Let i(a) = 3*a + 60. Suppose -5*d - f + 340 = -0*d, -4*d - f + 271 = 0. Calculate the remainder when d is divided by i(-14).
15
Suppose 15*i = 2*i + 221. What is the remainder when i is divided by 3?
2
Let y(u) = u**3 + 7*u**2 + 3*u - 5. Let j(f) = -f + 0*f**2 - 3*f**2 - 4*f**2. Let d be j(-1). What is the remainder when 37 is divided by y(d)?
11
Let k = -13 + 21. Calculate the remainder when k is divided by 6.
2
Suppose -2*c = -5*m - 3, 0 = 4*c + 4*m - 0*m + 36. Suppose -b + 5 = 4*b. Calculate the remainder when (3 + c - -4)*2 is divided by b.
0
Suppose 0*q + 5*q = -5. Let c(p) = -22*p**3 - p - 1. Calculate the remainder when 63 is divided by c(q).
19
Let d = 22 + -12. What is the remainder when 19 is divided by d?
9
Let z(h) = -3*h**3 - 4*h**2 - 2*h - 1. Calculate the remainder when z(-3) is divided by 13.
11
Let t(d) = -d**2 + 10*d - 2. Let k = -9 - -17. Calculate the remainder when t(k) is divided by 6.
2
Let q(b) = -b**3 - 6*b**2 + 2*b - 16. Calculate the remainder when 73 is divided by q(-7).
16
Let g(c) = -c - 1. Let h be g(4). Let a be ((-2)/h)/(2/10). Suppose -6 = -4*x - a*u + 4*u, 4*x + 3*u - 21 = 0. Calculate the remainder when 4 is divided by x.
1
Let h(s) = s**3 + s - 11. Let q be h(0). Let r be (6/(-3) - q) + 3. Let d = r - -6. What is the remainder when d is divided by 5?
3
Let m(t) = -t + 3. What is the remainder when 23 is divided by m(-3)?
5
Suppose 4 - 2 = 2*k. Let l(v) = 1. Let b(s) = 18*s**3 + 2*s**2 - 2*s - 3. Let f(u) = b(u) + 4*l(u). What is the remainder when 55 is divided by f(k)?
17
Suppose 0 = 2*l - 65 - 19. Calculate the remainder when l is divided by 9.
6
Suppose 0*i = -w - 2*i + 141, -2*w + 314 = -4*i. Calculate the remainder when w is divided by 38.
35
Let u(m) = m**3 + 8*m**2 + 5*m + 1. Calculate the remainder when u(-7) is divided by 4.
3
Let c be 10/(-20)*(-1 + 1). Suppose 2*f - f - 49 = c. What is the remainder when f is divided by 17?
15
Suppose 3*m - 82 = -q - 2*m, 61 = q - 2*m. Calculate the remainder when q is divided by 17.
16
Let u(c) = -c**2 - 8*c - 6. Suppose 3*m = -2*m - 25. Suppose -2*p - 185 = -5*y, -4*p + 135 = 4*y - 3*p. What is the remainder when y is divided by u(m)?
8
Suppose 21 = -3*j - 3*z + 168, 20 = 5*z. What is the remainder when j is divided by 10?
5
Let h(q) = q**2 + 3*q + 1. Let n be h(-4). Suppose 28 + 17 = n*y. Calculate the remainder when y is divided by 5.
4
Let s = 16 + 1. Suppose -34 = -3*q + 128. Let l = q + -22. What is the remainder when l is divided by s?
15
Suppose 0 = y + 3*y - 112. Let z = -298 + 380. What is the remainder when z is divided by y?
26
Suppose 4*l + 36 = 5*l. Calculate the remainder when 963/l + 6/(-8) is divided by 9.
8
Let y be (1 + 1)*3/(-2). Let u be (-14)/y*6/4. Let r = u + 7. Calculate the remainder when r is divided by 8.
6
Suppose -2*n - 5 = 13. Let q(y) = -y - 7. Let u be q(-6). What is the remainder when 10 is divided by (u - 1) + (-1 - n)?
4
Let h(n) = -n**3 + 7*n**2 + 5*n + 12. Let k be h(8). Let t = 46 + k. What is the remainder when t is divided by 12?
10
Suppose u = -3*u + z + 26, -24 = -4*u + 2*z. Calculate the remainder when 20 is divided by u.
6
Suppose 5*f - 78 = 42. What is the remainder when 69 is divided by f?
21
Let a be (8/(-10))/((-12)/(-30)). Let r(y) = -3*y**3 - 2*y**2 + y + 4. Calculate the remainder when (-263)/(-5) + 4/10 is divided by r(a).
17
Let k(q) = -q**3 + 6*q**2 + q + 4. Let y be 1/(57/27 - 2). Let i = 15 - y. Calculate the remainder when 28 is divided by k(i).
8
Let n(k) = -2*k**3 + k + 1. Calculate the remainder when 55 is divided by n(-2).
10
Let k(m) = 2*m + 17. What is the remainder when 33 is divided by k(0)?
16
Suppose 4*n + 5 = 5*u + 10, 0 = -5*u - 4*n + 35. Suppose -3*d - u = -4*d. Calculate the remainder when 9 is divided by d.
0
What is the remainder when (-5)/14*-54 + 2/(-7) is divided by 14?
5
Let a be 3/15 + 129/5. Let c = -3 + a. What is the remainder when c is divided by 3/9 - (-70)/6?
11
Let m(q) = -19*q**2 - q. Let i be (0 + -1)*(-5)/(-5). Let p be m(i). Let l = -7 - p. What is the remainder when l is divided by 6?
5
Let w = 28 + -17. Calculate the remainder when (-289)/(-7) + 16/(-56) is divided by w.
8
Calculate the remainder when 151 is divided by (34/6)/(2/6).
15
Let y = 0 - 74. Let z = y - -48. Calculate the remainder when 2 + 0 - z - 1 is divided by 15.
12
Let w(k) = -34*k - 3. Let i be w(-2). Let s = -45 + i. Suppose 0 = 2*p - 3*x - 20, 2*x - 15 = -p + 6*x. Calculate the remainder when s is divided by p.
6
Suppose -3*p - 61 = -4*p. What is the remainder when p is divided by 21?
19
Suppose 3*h = -3*u - 54 + 867, -u + 543 = 2*h. Suppose 4*i - 64 = -h. Calculate the remainder when 50 is divided by ((-2)/(-4))/((-2)/i).
11
Let y be (-32)/14 + 10/35. Let t be -2 + (-2)/y + -3. Let b(m) = -5*m + 5. Calculate the remainder when b(t) is divided by 13.
12
Suppose 13 + 23 = 6*u. What is the remainder when 13 is divided by u?
1
Suppose 4*j - 142 = -3*b - 0*b, -b = 2*j - 44. Suppose 2*h - b = -2*x, 0 = -2*h - x + 2 + 56. What is the remainder when h is divided by 16?
15
Let h = 6 - 3. What is the remainder when 17 is divided by 27/1*1/h?
8
Suppose -4 = -h + 4. Let p = -5 + h. Suppose 5*i = -p*v + 22 + 47, -2*i - 84 = -5*v. Calculate the remainder when 53 is divided by v.
17
Suppose -21 = -z - 0*z. Calculate the remainder when 60 is divided by z.
18
Suppose 2*k + 8 = -2*a, 3*a = k - 3 - 9. Calculate the remainder when 40 is divided by 2/2 - -13 - k.
12
What is the remainder when (9 + -14)/(1/(-3)) is divided by 2?
1
Let t(i) = -i + 24. Calculate the remainder when 85 is divided by t(6).
13
Suppose 0 = 5*f - 3*g + 2 - 33, 0 = 4*f + 4*g - 44. Suppose -3*o + 3*t = -7*o, 0 = 2*o - 5*t - 26. Calculate the remainder when f is divided by o.
2
Let u = 1 + 4. Suppose u*w + 2 = 4*a - 14, -3*a + 3*w = -12. Suppose -5*t + 10 = 0, -2*n = a*t - 3*t - 40. Calculate the remainder when n is divided by 11.
8
Suppose 0 = m - 0 + 7. Let p(j) = -j**2 - 8*j + 5. Let r = -86 + 121. What is the remainder when r is divided by p(m)?
11
Suppose 7*f - 9*f + 274 = 0. What is the remainder when f is divided by 28?
25
Suppose -4 = -0*z + 3*z - 4*f, 3*f = z - 2. Let s(k) = -3*k + 2. S